10*u**2 - 4*u + 4. What are the prime factors of g(2)?
2, 3
Suppose -3*i = 2*i. Suppose -d + i + 17 = 0. List the prime factors of d.
17
Suppose 74 = n + 20. List the prime factors of n.
2, 3
Let j(l) = -2*l - 12. List the prime factors of j(-11).
2, 5
Suppose -4*x = 5*s - 7, 0*x + 2*x - 2*s = 26. Suppose 70 = -x*f + 13*f. List the prime factors of f.
2, 7
Let x(k) = -k**3 + 5*k**2 + 7*k - 3. Let r be x(7). Let p = r + 86. Let y = -23 + p. List the prime factors of y.
11
Let d = -11 + 8. Let c(m) = 3*m**2. List the prime factors of c(d).
3
Let v(d) be the second derivative of d**5/20 + 7*d**4/12 + 2*d**3/3 + 2*d**2 + 6*d. List the prime factors of v(-4).
2, 3
Suppose 0 = 2*o + 3 + 29. Let d = 5 - o. What are the prime factors of d?
3, 7
Suppose j + 0*j - 4 = 0. Let s be -9 - (-2)/j*-2. Let d = 14 + s. List the prime factors of d.
2
Suppose -5*h = 3*q - 39, 4*q = q + 3*h + 39. List the prime factors of q.
13
List the prime factors of (-1)/(-2)*-10 + 179.
2, 3, 29
Suppose 97 = 2*j - 263. List the prime factors of j.
2, 3, 5
Let t = 13 - 8. Suppose -40 - 15 = -t*b. List the prime factors of b.
11
Suppose 0 = 4*i + 14 - 34. Suppose 2*l + 16 = 3*l - v, -i*l + 87 = 2*v. What are the prime factors of l?
17
Let f(z) = -z + 32. List the prime factors of f(-14).
2, 23
Let p be (-9)/(-4) + 8/(-32). Suppose 5*v - p*v + 6 = 0. What are the prime factors of 4*(3 - 7)/v?
2
Suppose -2*t + 80 = 2*t. Let g = 5 - t. Let o = -5 - g. What are the prime factors of o?
2, 5
Let q(l) be the first derivative of -l**3/3 + 5*l**2/2 + 5*l - 1. Let u be q(5). Let j = u + 0. What are the prime factors of j?
5
Let t(d) = -9*d - 1. Let p be t(-2). Let k = p + -1. List the prime factors of k.
2
Suppose 0 = -6*i - 2 + 26. Suppose -i*x + 5*a + 40 = 0, -2*x + 6*x = -3*a + 72. List the prime factors of x.
3, 5
Let d be (-1*2)/((-1)/1). Suppose d*t = 7*t - 70. List the prime factors of t.
2, 7
Let f(b) be the second derivative of 1/6*b**3 - 1/2*b**2 + 0 + 4*b. List the prime factors of f(3).
2
List the prime factors of (2/(-1 - -2))/((-46)/(-8625)).
3, 5
Suppose 5*v = -3*r - 0*r + 45, 2*v = 3*r + 39. Suppose 2*t - v = -2*t. What are the prime factors of t?
3
List the prime factors of 3/1 - -88 - 2.
89
Suppose 5*y + 12 = -2*x, -4*x = -2*y - y + 50. Let r(k) = -k**3 - 11*k**2 - k + 7. List the prime factors of r(x).
2, 3
Let x be -1 + (-1 - (1 + -2)). List the prime factors of 3/x + 15 + 1.
13
Let z = -15 - -12. What are the prime factors of 30 - (2 + z)*2?
2
Let q(k) = -k**3 + 5*k**2 + 2*k + 1. Suppose 2*w + 0*w = 8. What are the prime factors of q(w)?
5
Let d(c) = c**3 - 2*c**2 - 6*c + 4. Let y be d(4). Suppose -t + y = 4. List the prime factors of t.
2
Let i = 2 - -3. Suppose -w = -3*k - k - 12, k = -i*w + 18. Let a(r) = -r**3 + 2*r + 1. List the prime factors of a(k).
5
Let t be 1/(-1 + 9/6). Let s(q) = 4*q + 2. Let b be s(t). List the prime factors of (-82)/(-7) + b/35.
2, 3
Let j = -19 - 5. Let z = j - -49. List the prime factors of z.
5
Let i = 2 + -12. Let f = i + 32. Suppose 5*j + 5*y - f = 3, 2*j = y + 4. What are the prime factors of j?
3
Let a = -6 - -8. List the prime factors of a + 7 - 1/1.
2
Let q(c) = -c**3 + c**2 + 7. Let o be q(0). Suppose 3*m = -4*f + 117, 3*m = f - o - 11. What are the prime factors of f?
3
Suppose -6*p = -p, -3*p = -3*s + 183. Let b = -42 + s. What are the prime factors of b?
19
Let r(p) = 5*p**2 - 4*p + 14. List the prime factors of r(7).
3, 7, 11
Let g(r) = r + 5. Suppose -3*j - 6 = -2*w, 4*j - 3*j = 2*w + 2. List the prime factors of g(w).
2
Let g = 7 + -7. Suppose j + j = g. Suppose p + u - 8 = -j*p, 5*p + u - 44 = 0. List the prime factors of p.
3
Suppose 3*q = 4*q + 27. Let s be -3*6/q*39. Suppose 3*h - s = -11. What are the prime factors of h?
5
Let t(i) = 3*i + 32. What are the prime factors of t(14)?
2, 37
List the prime factors of 4 + -1 + 1 + 0 - -344.
2, 3, 29
Suppose -3*i + 2*v = -98, -i - 5*v = -9 - 18. What are the prime factors of i?
2
Let v be 3/(-9) + (-52)/6. List the prime factors of (-2)/v - 122/(-18).
7
Suppose 2*o - 5*l = 119, 3*l + 46 + 11 = o. List the prime factors of o.
2, 3
Suppose -10*f = -9*f + 8. Let i = 0 - f. List the prime factors of i.
2
Let o = 8 + 21. Let y = -13 + o. List the prime factors of y.
2
What are the prime factors of (-6468)/(-30) - (-4)/(-10)*-1?
2, 3
Suppose v - 100 = -4*v. List the prime factors of v.
2, 5
Suppose -i = -0*i - 9. Let p(y) = -y**3 + 8*y**2 + 13*y - 5. List the prime factors of p(i).
31
Suppose 3*p = 15, 4*h + 2*p = 62 + 40. What are the prime factors of h?
23
Let a(h) = -h + 6. Let g be a(4). Suppose g*j - 21 = -j. Suppose 12 = o - j. What are the prime factors of o?
19
Suppose 15 = -g - 5*b, 7 = 4*b + 19. Suppose -4*h - r + 140 = g, -3*r - 3 = -15. What are the prime factors of h?
2, 17
Let o(l) = 7 + 2*l - 3 - l - 6*l. Let g be o(-6). Suppose -g = -5*w + 16. List the prime factors of w.
2, 5
Suppose 0 = -g - 3, -6*g + 3*g + 141 = 5*i. List the prime factors of i.
2, 3, 5
What are the prime factors of (-5194)/(-126) + (-4)/18?
41
Let b be 38/4 + (-3)/2. Let f be 52/(-9) - b/36. What are the prime factors of ((-4)/3 - -1)*f?
2
Suppose 2 = -h - 0*h. Suppose b = 7*b - 6. What are the prime factors of (h - -1) + 11/b?
2, 5
Let s(i) be the first derivative of 2*i**2 + i + 2. Let b be s(3). Let m = b + -5. List the prime factors of m.
2
Let t = 13 + -6. Let n(r) = r**2 - 5*r + 5. What are the prime factors of n(t)?
19
Suppose 5*c = 5*l - 20, -2*l + 0*c = 3*c - 3. Suppose -3*g + 12 = l. Suppose -m = 2*m - z - 6, g*z = -m + 12. What are the prime factors of m?
3
Let x = -209 + 293. List the prime factors of x.
2, 3, 7
Let z = -13 + 23. Suppose 0 = -10*g + 5*g - z. List the prime factors of 2 - (1 - 1) - g.
2
Suppose 5*c = 4*c + 4. Suppose s - 35 = -c*s. List the prime factors of s.
7
Let y(x) = -x**2 + 4*x + 2. Let b be y(4). Let m(p) be the second derivative of p**3 - p**2 + 2*p. List the prime factors of m(b).
2, 5
Let b(s) = -1 + 1 + s + 2 + s**3 + 2*s**2. Let j be b(-2). List the prime factors of (2 - (j - 2)) + 1.
5
Suppose -29 = 4*l + 27. Let p = 25 + l. List the prime factors of p.
11
Let l be (1 + 59)/3 - -3. What are the prime factors of (l/2)/(1/2)?
23
Let l(i) = i**2 - 2*i - 4. Suppose -7*v + 8*v = 27. Suppose 5*a = 7 - v. What are the prime factors of l(a)?
2, 5
Suppose y - 11 - 5 = 0. What are the prime factors of y?
2
Suppose 9 = 4*l - l. Suppose l*f - 3 - 3 = 0. What are the prime factors of f?
2
Let q be 4/(4/(-3))*1. Let r = -5 - q. Let f(v) = 3*v**2 + 3*v. What are the prime factors of f(r)?
2, 3
Let g be (-3)/(-5) - 13/5. What are the prime factors of (-20 - 6/(-3))/g?
3
Suppose -8 = -v + 2*p, 4*p = p - 3. Suppose -m = -v - 9. List the prime factors of m.
3, 5
Suppose a - 143 = -2*a - 2*l, 3*l - 147 = -3*a. What are the prime factors of a?
3, 5
Let s(w) = w**2 + w. Let x be s(1). Suppose 1 = x*j - i - 0*i, -3*i - 3 = 5*j. Suppose -4*t + 40 = 5*a + 3, j = 4*a + 5*t - 35. What are the prime factors of a?
5
Let c(s) = -2*s**2 - 21*s - 4. List the prime factors of c(-9).
23
Let l(r) = -r**2 + 8*r - 3. Let d be 4/8*(-6 - 0). Let q be (-6)/(-2) + d + 3. What are the prime factors of l(q)?
2, 3
Suppose -7 = -u - 4*z, -3*u = 4*z + 4 - 25. Suppose -2*k = -u*k - 125. What are the prime factors of (-1 - k/3)*3?
2, 11
Let v = -12 + 7. Let s be v/(-4) - 2/8. What are the prime factors of (-8)/(-2) - (-1 + s)?
2
Let v be 330/75 - (-4)/(-10). Let b be 7*1*(2 + -1). Let y = b - v. List the prime factors of y.
3
Suppose 3*l - 2*m + 6*m - 23 = 0, -l + 11 = 2*m. Suppose -4*d = 2*f - 16, -2*d + f = l - 9. List the prime factors of d.
2
Let f = -2 + 0. Let t be (-2)/(6/9) + f. List the prime factors of t/(5/12)*-1.
2, 3
Suppose 0 = -v + 5*v - 8. Let m be -2*(2 + -10 - -2). What are the prime factors of (1/3)/(v/m)?
2
Suppose -2*l = -l. Let w = l + 0. Suppose w = -3*x + 15 + 12. List the prime factors of x.
3
Let l = 8 - 5. List the prime factors of l.
3
Let b be 2 + (-3 - -5) + -3. Let w(m) = m**3 + 2*m**2 - 5*m - 2. Let a be w(-3). Let r = a - b. List the prime factors of r.
3
Suppose m + 0*m = 27. List the prime factors of m.
3
Let y(g) = 12*g**3 - g**2 + g. Let s be y(1). Suppose 0*r - k = -4*r + s, -2*r - k = -6. Suppose v = r*v - 10. What are the prime factors of v?
5
Suppose 2*b 